4*k + 450 = 392, 4*m = k + 62. What is the remainder when i(w) is divided by m?
14
Suppose -54*h + 82*h - 1008 = 0. Suppose -w - w + 427 = -q, -3*w + q + 642 = 0. Calculate the remainder when w is divided by h.
35
Suppose -90*b = -88*b - 10. What is the remainder when 19 is divided by ((-28)/(-12) - 4)/(b/(-30))?
9
Let g be ((-165)/264)/((-2)/16). Suppose -24 = -3*h + 2*i, -2*i - 64 = -g*h - 24. What is the remainder when 205 is divided by h?
5
Let v(s) = -s**3 - 7*s**2 - 12*s - 22. Suppose n - w = 23, -19*n - 4*w - 2 = -18*n. Calculate the remainder when v(-7) is divided by n.
8
Calculate the remainder when (38 + 422926/(-170))/(26/(-10) - -2) is divided by 9.
6
Suppose -22*i + 372122 = 66850. Calculate the remainder when i is divided by 18.
16
Suppose 0 = -5*r - w + 511, 0 = w - 4 + 8. Let t = r - 47. What is the remainder when t is divided by (54 + -9)*4/6?
26
Let p(l) = 20*l**2 + 5*l - 2. Calculate the remainder when p(5) is divided by 20.
3
Let c = -144 + 126. Let g(u) = -5*u - 63. What is the remainder when g(c) is divided by (2 - -1)/((-45)/(-210))?
13
Let i = 134 - 132. Suppose i*j = -v - v + 32, v - 12 = -5*j. Calculate the remainder when 55 is divided by v.
4
Let s = 40 - 98. Let k = 214 + -135. Let l = k + s. What is the remainder when 59 is divided by l?
17
Suppose 3*y - 2*c + 4 = 26, 3*c = -y. Suppose 0 = 5*w + 3*h + 591 - 583, 4*w - 3*h = -1. What is the remainder when 9 is divided by 4*((-9)/y)/w?
3
Suppose -6*f + 11 = 3*l - 2*f, 2*f + 53 = 5*l. Suppose 0 = q + l*q - 590. What is the remainder when q is divided by 31?
28
Let w(f) = -f**3 + f**2 + 7*f + 2. Let d be w(-2). Let n be d + (3 - 4 - 10). What is the remainder when 3*43 - (-7 - n) is divided by 16?
13
Suppose -m + 57 = 14. Suppose 7*s - 3*s + 4*y = 84, -s - 3*y = -19. Suppose -6*v + 74 = -s. What is the remainder when m is divided by v?
11
Let a be -4 - ((-15)/5 - 4). Suppose -l - 2*x = -72, 0 = a*l - 2*l + 3*x - 68. What is the remainder when l is divided by 5?
0
Let i be (1/1)/(-11 - -12). Let m(r) = 2*r**3 - 2*r**2 - r + 2. Let j be m(i). Calculate the remainder when 10*(-4)/40*j*-76 is divided by 20.
16
Let p = -355 - -448. Suppose 5*j - 2*a = -4*a + 223, 0 = 2*j - 3*a - p. What is the remainder when j is divided by 28?
17
Suppose -5423 = -19*x + 4115. Calculate the remainder when x is divided by 42.
40
Let a = -12936 - -13042. What is the remainder when 682 is divided by a?
46
Let f(j) = 2*j**3 - 4*j**2 - 3*j + 4. Let x(z) = -z**3 + z - 1. Let k(y) = -f(y) - x(y). Calculate the remainder when 20 is divided by k(3).
8
Suppose 24438 = 40*s - 43482. Calculate the remainder when s is divided by 170.
168
Let m be (663/52 - 8)*4*3. Suppose m*y = 51*y + 258. Calculate the remainder when 84 is divided by y.
41
What is the remainder when (1192/26)/(88/572) is divided by 20?
18
Calculate the remainder when 940 is divided by (-6)/16 + (-34398)/(-3024).
5
Let l = -20 - -20. Suppose 4 = x - l*x. Suppose 0 = -x*v + 56 + 32. Calculate the remainder when v is divided by 6.
4
Let x be 10*(8/(-92) - 514/(-92)). Suppose 10476 = -28*z + x*z. What is the remainder when z is divided by 30?
28
Suppose 0 = 32*w - 36*w + 1108. Suppose -3*d + 0*s + s = -w, -4*d - 3*s + 365 = 0. What is the remainder when d is divided by 24?
20
Suppose 126*g - 127*g = 6. Let h be (2/g)/(9/(-189)) + -4. Let z = 88 + h. Calculate the remainder when z is divided by 23.
22
Suppose 4*a - 865 = -3*m + 589, 4*m - 8 = 0. What is the remainder when 1464 is divided by a?
16
Suppose -55 = 53*a - 60*a + 29. What is the remainder when 62 is divided by a?
2
Let d = 3441 + -1517. What is the remainder when d is divided by 18?
16
Let v(i) = -301*i + 1818. What is the remainder when 7739 is divided by v(6)?
11
Suppose -w = 4*o - 39, 0 = 4*o - 5*o - 2. Suppose -10 = -5*c, 5*m = 15*c - 10*c + 925. What is the remainder when m is divided by w?
46
Suppose -z = -3*n - 98, 0 = -4*n + 3*n + 2*z - 41. Let a = n + 25. Let w(s) = s**3 + 9*s**2 - 16. What is the remainder when w(a) is divided by 31?
30
Let y = 577 + -1039. Let i = -388 - y. Calculate the remainder when i is divided by 27.
20
Let l be (-1 + -17)*17 + (-12 - -17). Let x = 316 + l. What is the remainder when 55 is divided by x?
10
Suppose 9*h - 85 = 4*h. What is the remainder when 76 + 0 + 7742/(-553) is divided by h?
11
What is the remainder when 5270 is divided by (3/7)/((-365)/(-17885))?
20
Let j(q) = 8*q**2 - 26*q + 4. Let t be j(8). Let x = t + -292. What is the remainder when 93 is divided by x?
13
Suppose 6*w - 15014 - 5884 = 0. What is the remainder when w is divided by 26?
25
Let y(j) = -2*j**2 + 26*j + 10. Let f be y(13). What is the remainder when ((-4)/8)/(1/(-114)) is divided by f + -2*2/(-2)?
9
Let m(s) = s**2 - 47*s + 449. Calculate the remainder when 574 is divided by m(43).
20
Let a(j) = -j**3 - 6*j**2 - 3*j + 12. Let h be a(-5). Let q(c) = 70*c - 9. What is the remainder when q(h) is divided by 22?
21
Suppose 10*n + 2*o + 1326 = 14*n, -4*n - 4*o = -1332. Let x = 341 + -336. Calculate the remainder when n is divided by x.
2
Let x = 3429 - 3392. What is the remainder when 17500 is divided by x?
36
Let u be 0 - 3/(-2) - 7/(-2). Suppose 4*v + h - 19 = 0, 0 = 4*v + u*h - 0*h + 1. Suppose v*o = 12*o - 552. Calculate the remainder when o is divided by 16.
12
Calculate the remainder when (-2 + (-162)/(-15))/((-230)/(-199525)) is divided by 20.
14
Let u = 2329 - 1600. What is the remainder when u is divided by 122?
119
Suppose 5*c - 1 - 4 = 0. Suppose -5*y - c - 3 = -s, 0 = s + 4*y - 22. What is the remainder when s is divided by (2/(-5) - -1) + (-81668)/(-24020)?
2
Suppose -12*v + 236 = 32. Let g = -41 - -75. Let a = 42 + g. Calculate the remainder when a is divided by v.
8
Suppose 0 = -2033*p + 2045*p - 108. Calculate the remainder when 761 is divided by p.
5
Let l(s) be the first derivative of 5*s**2/2 - 8*s - 1. Let b = -207194 + 207199. Calculate the remainder when l(7) is divided by b.
2
Suppose -188*s - 26775 = -273*s. What is the remainder when s is divided by 91?
42
Let j(a) = -40 + 9 - 19 - 9*a. What is the remainder when 77 is divided by j(-10)?
37
Let g(d) = 308*d**2 - 168*d - 11. Calculate the remainder when g(4) is divided by 193.
192
Suppose 0*r - 32 = -8*r. Suppose -5*q = 2*j - 99 + 24, -r*j - 19 = -3*q. Suppose q*v - 100 = 3*v. Calculate the remainder when 26 is divided by v.
6
Suppose 0 = w - 4, 71*w = -4*j + 69*w + 532. Calculate the remainder when j is divided by 35.
26
Let m be (-4)/((-84)/(-1257)) - 4/28. What is the remainder when 41 is divided by m/(-12) - ((-4)/2 + 3)?
1
Suppose -7*j = 630 - 721. What is the remainder when j is divided by 4?
1
Suppose -4*l = -5*k + 762 - 267, -99 = -k - l. What is the remainder when 987 is divided by k?
96
Let h(i) = -184*i**3 - i**2 - 5*i - 3. Suppose 5*j + 4*v + 9 = 0, 3*j + 2 = 6*j - 5*v. Calculate the remainder when h(j) is divided by 62.
61
Let c(z) = z**3 - 3*z**2 - 22*z + 84. What is the remainder when c(6) is divided by 18?
6
Let s(d) = -121*d + 385. What is the remainder when 501 is divided by s(3)?
17
Suppose -5*t + x - 6 = -554, -330 = -3*t + x. Let w = 113 - t. Suppose c + 4*f = 30, -4*c + 42 = -c - w*f. Calculate the remainder when c is divided by 7.
4
Let i be (-148)/(-6)*3/2. Let t = 206 - 119. Let m = t - i. Calculate the remainder when m is divided by 17.
16
Suppose 0 = -3*q + 9 - 15. Let y be 30/(-4)*(8/(-3) - q). Suppose 0 = y*x - 135 + 5. Calculate the remainder when x is divided by 3.
2
Suppose -5*k - 5559 = -1264. Let r = -832 - k. What is the remainder when 222 is divided by r?
6
Let n = 129 - 59. Let y = -199 + 210. Suppose -y*u + 9*u + 18 = 0. Calculate the remainder when n is divided by u.
7
Let i(h) = -h**3 - 23*h**2 + 10*h + 312. Calculate the remainder when 1556 is divided by i(-23).
80
Suppose -n + 818 = -3*n + 3*n. What is the remainder when n is divided by 201?
14
Suppose 846 = -6*o + 3*o. Let r = o - -298. Calculate the remainder when 254 is divided by r.
14
Let x be 1 + 13 + -4 - 5. Suppose -20 = x*s - 190. Calculate the remainder when s is divided by 8.
2
Let y = 54 + -30. Let h be (-3)/(-2) + 129/6 + 3. Suppose -h*n = -1439 - 1005. Calculate the remainder when n is divided by y.
22
Let f(c) be the third derivative of -c**4/12 + 29*c**3/6 - 127*c**2. Calculate the r